) = 3*d**2 - d. Let m be o(-1). Let k be (m - -1)*(3 + c). Determine q(k).
-8
Let v(o) = o**3 - 4*o**2 - 12*o - 2. Let h = -426 + 432. Give v(h).
-2
Suppose -43*a = -47*a + 8. Let u(k) = -k**2 + 4*k - 3. What is u(a)?
1
Let o(n) = 1 + 2*n**2 - 1996*n - n**3 + 1002*n + 993*n. Suppose 2 = 4*c - 3*s, 3*c - s = 3 + 1. Calculate o(c).
-1
Let k(p) = 2*p - 3. Suppose 3*q + 359 = -5*l, 0 = -2*l - 3*l + 25. Let r = q - -131. What is k(r)?
3
Let o(n) = -30 + 98 - 30 + n - 31. Calculate o(-3).
4
Let g(b) be the first derivative of -9 + 1/2*b**2 - 1/3*b**3 - 14*b. Give g(0).
-14
Let c(t) = -2*t**2 + 4*t - 3. Suppose 14*s = 11*s + 36. Suppose -5*a + a + s = 0. What is c(a)?
-9
Let b(n) be the third derivative of -n**6/120 - n**3/6 + n**2. Let s(r) = -2*r - 3. Suppose -5*z = -3*t - 2, 0 = -3*z - 4*t - 9 - 13. Let m be s(z). Give b(m).
-2
Let v(b) = -2 - 14*b - b**3 - 9*b + 37*b + 4*b**2 - 10*b. Give v(5).
-7
Let l(a) = a - a - 4 - a. Let p(d) be the second derivative of -d**5/20 + d**4 - 3*d**2/2 - d. Let z be p(12). Calculate l(z).
-1
Let g(k) = -6*k**3 - k - 1. Let m be 2/(36/45*10/(-4)). What is g(m)?
6
Let d(b) be the third derivative of -b**6/120 - b**5/60 + b**4/24 + 7*b**3/6 + 249*b**2. Determine d(0).
7
Let r(l) be the first derivative of -l**2/2 - 6*l + 74. Give r(-4).
-2
Let z(a) = a - 1. Let f = 105 + -95. Let j(b) = 7*b - 1 + 11 - 19*b. Let l(i) = f*z(i) + j(i). Determine l(-6).
12
Let w(z) be the second derivative of z**4/12 + 10*z**3/3 + 11*z**2/2 - 5*z + 10. What is w(-20)?
11
Let u(z) = 4*z**3 - 8*z**2 - 3*z + 6. Let h(i) = -3*i**3 + 8*i**2 + 2*i - 7. Let a(t) = 5*h(t) + 4*u(t). Let s be 6/4*(-208)/39. Determine a(s).
5
Let a(m) = -m**3 + 5*m**2 - 5*m + 6. Let q = 40 + -35. Suppose j + 4*c = 12, -c - 3*c - 12 = -q*j. Determine a(j).
2
Let b = -137 + 198. Let x(p) = 4*p + 58*p**2 - b*p**2 - p**3 + p. What is x(-4)?
-4
Let r(o) = -o. Let c be (-224)/(-12)*(-3)/(-2). Let v be 124/c + 6/(-14). Let d = v + 0. What is r(d)?
-4
Let z(k) = k**2 - k - 10. Suppose 3*t - 84 = -4*a - 407, -t - 115 = 5*a. Let w be 2/(-15) - 539/t. Suppose 5 = -3*i + w*c, -i - 4*c + 2 = -2. Determine z(i).
-10
Let b(w) = -2*w**3 + 2*w**2 + 2. Let d be (336/(-39))/4 + 24/156. What is b(d)?
26
Let f(b) = b**3 - 2*b + 0*b**2 - 2*b**2 + b**2. Suppose 7*z - 2*z = 10. Suppose 0 = 2*s - 2, -z*i - 2*s - s - 1 = 0. Determine f(i).
-8
Let q(h) be the first derivative of h - 13 + 1/3*h**3 - h**2. Determine q(1).
0
Let x(v) = 11*v**2. Let w(s) = s**2 - 18*s - 41. Let n be w(20). Give x(n).
11
Let y(u) = -2*u**3 + 2*u**2 + 2*u. Let z(c) be the second derivative of c**3/6 - c**2 + c. Let n be 2/(6 - 22/4). Let k be z(n). Calculate y(k).
-4
Let y(o) be the second derivative of o**4/12 + o**3 - o**2 + 3*o. Suppose -3*f - 9 = -6*f. Let i(v) = v**2 - 6*v + 4. Let u be i(f). What is y(u)?
-7
Let f(w) = -w**2 - 7*w + 3. Let n(v) = v**2 + 8*v - 3. Let r(c) = -6*f(c) - 5*n(c). Suppose 0*a = -8*a + 48. Suppose a*u + 4 = 5*u. Give r(u).
5
Let h(w) = 2*w**2 - 4. Let j(t) = 0*t - 6 - 5*t + 0*t + 2*t. Let z be j(-3). Give h(z).
14
Let v(d) = 6*d - 32 - 33 + 68. Give v(6).
39
Let m(l) = 10*l**2 + 2*l - 1. Let y(s) = 19*s**2 + s - 4. Let k(c) = -19*c**2 + 5. Let d(x) = -2*k(x) - 3*y(x). Let o(n) = -3*d(n) - 5*m(n). Determine o(-1).
7
Let m(k) = -7*k**2 - 43*k + 4. Let s(c) = 3*c**2 + 20*c - 2. Let x(t) = 4*m(t) + 9*s(t). What is x(4)?
14
Let d(k) = k**2 + 3*k + 3. Suppose 5*t = -123 - 212. Let n = 65 + t. Determine d(n).
1
Suppose 0 = -13*l - 11*l + 34*l. Let s(n) = -n**3 + n + 29. What is s(l)?
29
Let y be 1/((-4)/(-172)*-1). Let r = 45 + y. Let x(t) = 2*t**2 - 3*t. Calculate x(r).
2
Suppose -9*q + 49 = -2*q. Let h(t) = 3*t - 21. Let k(j) = j - 7. Let d(u) = q*k(u) - 2*h(u). Give d(9).
2
Let l(j) = -2*j**2 - j + 6. Let p(w) = -w**2 - 7*w + 22. Let i be p(-9). Give l(i).
-30
Let s = 27 + -23. Let r(w) be the first derivative of -1/2*w**2 + 2*w - 4/3*w**3 + s - 1/4*w**4. Give r(-2).
-4
Let k(u) be the second derivative of u**5/20 - u**4/12 + u**3/2 - u**2/2 - u. Let b be (-8*(-1)/12)/(1/(-3)). Let l be b - 24/(-14) - 48/(-21). Determine k(l).
9
Let o(i) be the first derivative of -i**2/2 - i - 34. Let t(d) = -d**2 - d - 2. Let k be t(-2). What is o(k)?
3
Let v(p) be the first derivative of p**4/24 - p**3/3 + p**2/2 - 20. Let x(d) be the second derivative of v(d). Determine x(-6).
-8
Let r(a) = 8*a + 1. Suppose -3*d + 10 = 2*d. Suppose 6*f = d*f + 4. Suppose 2 + f = 3*p. What is r(p)?
9
Let u(b) be the second derivative of b**4/12 - 5*b**3/2 - b**2/2 + 164*b - 2. What is u(14)?
-15
Let j(c) = 7 + c - 2 + 12 - 5 + 7. Calculate j(-9).
10
Suppose 4*p = p + 9. Let m(d) = -5*d + 163 + 182 - 345. Give m(p).
-15
Let j be 18/(-3)*(2 + -1). Suppose -4*l - 8 = -8*l. Let t(x) = 10*x**l + x + 3 + 6*x + 0*x - 9*x**2. Calculate t(j).
-3
Let i(n) = n + 2. Let b = 27 - 25. Suppose b*y + 4*k - 8 = 14, -4*k = -2*y - 2. Suppose -s + 3*s - 4*t - 8 = 0, y*s + t + 35 = 0. What is i(s)?
-4
Let z(d) = -2 + 9301*d - 18595*d + 9295*d. Let n = -1 - -1. What is z(n)?
-2
Let t(x) be the first derivative of x**3/3 - 3*x**2/2 - x + 1171. Let d be (10/4)/(1/2). Calculate t(d).
9
Let c(z) be the first derivative of -11*z**3/3 - z**2/2 + 361. Suppose 5*b - 53 = -j - 18, 10 = 2*b. Suppose f + 3 = 3*l - 2, -3*f = -4*l + j. Give c(l).
-12
Let m(b) be the first derivative of -13*b + 1/2*b**2 + 14. What is m(6)?
-7
Let p(j) = -1. Let q(a) be the second derivative of a**3/2 - 15*a**2/2 + 7*a. Let u(y) = 15*p(y) - q(y). Determine u(-2).
6
Let k(i) = -54*i - 54*i + 9 + 109*i. Determine k(-3).
6
Let g(z) be the second derivative of z**7/1260 + 7*z**6/720 + 71*z**4/12 + 74*z. Let h(c) be the third derivative of g(c). Suppose -4*o - 1 - 19 = 0. Give h(o).
15
Let r(h) = h - 6. Let y(u) = u - 7. Let o(i) = -6*r(i) + 5*y(i). Suppose 3 = 2*a - 4*f - 15, 4 = -2*f. Suppose -a*l + 6 + 14 = 0. What is o(l)?
-3
Let l(f) be the first derivative of -1/2*f**2 - 5*f - 50. Calculate l(-8).
3
Let a(d) be the first derivative of -d**4/2 - 5*d**3/3 - d**2/2 + 5*d + 291. What is a(-4)?
57
Suppose 0 = 3*y + 4*k - 2*k - 26, k + 26 = 5*y. Let u(i) = 18 + 9*i - y*i - 19. What is u(-2)?
-7
Let a(r) = -8 + 0 + 0*r - 36*r**2 + 7 + 37*r**2 + 4*r. Calculate a(-3).
-4
Let y(q) = 51*q - 1288. Let i be y(25). Let g(n) = n**2 + 11*n - 21. Calculate g(i).
5
Let y(u) = u**2 + 23*u + 9. Let v be y(-22). Let n(r) = 4*r + 51. Calculate n(v).
-1
Let f(k) be the first derivative of -k**3/3 + 8*k**2 - 8*k + 58. What is f(16)?
-8
Let w(i) = i**3 + 6*i**2 + 3*i + 3. Let r = 249 - 255. What is w(r)?
-15
Let m(a) = -a**2 + 12*a + 14. Let p(c) = c**2 - 18*c + 12. Let j be p(0). Determine m(j).
14
Let w(a) be the first derivative of a**4/2 - a**3/3 - a**2 - a - 15. Determine w(-2).
-17
Let k(h) = -15 + h + 3 + 4 + 0 - 4. Let w(y) = -10*y - 1. Let g be w(-1). What is k(g)?
-3
Let d(s) = s**3 + s - 1. Let q(z) = -z + 10. Let j be (24/20)/(3/(-15)). Let h be q(j). Let r = -15 + h. What is d(r)?
1
Let s(i) be the third derivative of 31*i**4/24 + i**3/6 - 10*i**2 + 17*i. What is s(-2)?
-61
Let s(m) = -2*m**2 + 3*m - 2. Suppose 0 = 26*o - 90*o + 256. Calculate s(o).
-22
Let q be (-4)/((-12)/9) - 0. Let w(k) = -7*k + k**3 - 3 + q - 5 - 6*k**2. Give w(7).
-5
Suppose h + 2 - 8 = 0. Let k(b) be the second derivative of -b**5/20 + 7*b**4/12 - 3*b**3/2 + 3*b**2 - 115*b. Calculate k(h).
-12
Suppose -10 = -4*b + f - 27, 0 = 5*b + f + 28. Let h(n) be the third derivative of -n**4/12 - 5*n**3/6 - 88*n**2. Give h(b).
5
Let z(x) = 2*x**2 + 7*x + 5. Let y be (192/72)/(2/6 - 1). What is z(y)?
9
Let a(g) be the second derivative of -g**4/6 - 5*g**3/2 - 6*g**2 + 9*g + 1. Calculate a(-7).
-5
Let l(n) be the third derivative of n**8/6720 - n**7/2520 - n**6/360 - n**5/40 + n**4/6 + n**2. Let f(d) be the second derivative of l(d). Determine f(3).
9
Let f = 123 - 98. Suppose -k = 10*l - 6*l - f, 4*l = 5*k - 5. Let d(r) = -r**3 + 6*r**2 - 3*r. Give d(l).
10
Let w(y) = -2*y - 7. Let u be (2/5)/((-65)/650). Let v(c) = -6*c**2 + 2 + c**2 - 2*c + 3*c**3 - 4*c**3. Let j be v(u). Calculate w(j).
5
Suppose -2*l + 5*z = -32, 3*z - 4 = -3*l + 2. Let p(m) = -m**2 + m. Let n(s) = -2*s**2 - 3*s + 6. Let x(v) = n(v) - 3*p(v). Calculate x(l).
6
Let s(c) = 3*c**2 + 3*c + 3. Let g = 67 + -72. Let r be (1 + (-1)/3)*(g + 2). Calcu